{"id":510,"date":"2023-05-18T12:50:27","date_gmt":"2023-05-18T15:50:27","guid":{"rendered":"https:\/\/www.hogarydecoideas.cl\/?post_type=product&#038;p=510"},"modified":"2024-12-08T18:04:19","modified_gmt":"2024-12-08T21:04:19","slug":"sabanas-de-polar","status":"publish","type":"product","link":"https:\/\/www.hogarydecoideas.cl\/index.php\/product\/sabanas-de-polar\/","title":{"rendered":"SABANAS DE POLAR"},"content":{"rendered":"<p style=\"text-align: center;\">\u00a1Renueva tus espacios!<\/p>\n<p>Descubre la m\u00e1xima comodidad y calidez con nuestras s\u00e1banas de polar. Dise\u00f1adas con materiales de alta calidad, te envolver\u00e1n en una suavidad irresistible durante las noches fr\u00edas. Disponibles en una amplia gama de colores, adem\u00e1s,\u00a0 nuestras sabanas de polar a\u00f1aden estilo y confort a tu dormitorio. F\u00e1ciles de lavar y mantener, te brindan durabilidad a largo plazo.<\/p>\n","protected":false},"excerpt":{"rendered":"<p><strong>Caracter\u00edsticas:<\/strong><\/p>\n<ul>\n<li><strong>Medidas: 1.5 plazas 2.0 plazas y king.<\/strong><\/li>\n<li><strong>Material: polar.<\/strong><\/li>\n<li><strong>Producto 100% lavable.<\/strong><\/li>\n<li><strong>Contenido por paquete: sabana + funda de almohada.<\/strong><\/li>\n<\/ul>\n<p style=\"text-align: center;\"><em>Env\u00edos en Santiago RM en <strong>24 horas<\/strong> despues de la compra y <strong>48 horas<\/strong> a Regiones.<\/em><\/p>\n","protected":false},"featured_media":539,"comment_status":"open","ping_status":"closed","template":"","meta":[],"product_brand":[],"product_cat":[31],"product_tag":[71,108,109],"class_list":{"0":"post-510","1":"product","2":"type-product","3":"status-publish","4":"has-post-thumbnail","6":"product_cat-dormitorio","7":"product_tag-calidad","8":"product_tag-polar","9":"product_tag-sabanas","10":"product_shipping_class-2-productos","12":"first","13":"instock","14":"sale","15":"taxable","16":"shipping-taxable","17":"purchasable","18":"product-type-variable"},"_links":{"self":[{"href":"https:\/\/www.hogarydecoideas.cl\/index.php\/wp-json\/wp\/v2\/product\/510","targetHints":{"allow":["GET"]}}],"collection":[{"href":"https:\/\/www.hogarydecoideas.cl\/index.php\/wp-json\/wp\/v2\/product"}],"about":[{"href":"https:\/\/www.hogarydecoideas.cl\/index.php\/wp-json\/wp\/v2\/types\/product"}],"replies":[{"embeddable":true,"href":"https:\/\/www.hogarydecoideas.cl\/index.php\/wp-json\/wp\/v2\/comments?post=510"}],"wp:featuredmedia":[{"embeddable":true,"href":"https:\/\/www.hogarydecoideas.cl\/index.php\/wp-json\/wp\/v2\/media\/539"}],"wp:attachment":[{"href":"https:\/\/www.hogarydecoideas.cl\/index.php\/wp-json\/wp\/v2\/media?parent=510"}],"wp:term":[{"taxonomy":"product_brand","embeddable":true,"href":"https:\/\/www.hogarydecoideas.cl\/index.php\/wp-json\/wp\/v2\/product_brand?post=510"},{"taxonomy":"product_cat","embeddable":true,"href":"https:\/\/www.hogarydecoideas.cl\/index.php\/wp-json\/wp\/v2\/product_cat?post=510"},{"taxonomy":"product_tag","embeddable":true,"href":"https:\/\/www.hogarydecoideas.cl\/index.php\/wp-json\/wp\/v2\/product_tag?post=510"}],"curies":[{"name":"wp","href":"https:\/\/api.w.org\/{rel}","templated":true}]}}